7
In base 12, what is -2 + 7b14687?
7b14685
In base 15, what is -7b + 38ac?
3831
In base 5, what is 1100034 + -121401?
423133
In base 4, what is -1313221211 - 10100?
-1313231311
In base 10, what is 17829595 + 5?
17829600
In base 3, what is 200210111012 + -212122?
200202121120
In base 12, what is 50501 - 4b?
50472
In base 11, what is -675 - -25189?
24614
In base 11, what is -99a + 267497?
2665a8
In base 14, what is -197a - 3555?
-50d1
In base 4, what is 1221022130 - 133?
1221021331
In base 5, what is 1212 - 1014312131?
-1014310414
In base 7, what is 1616361 + 5523?
1625214
In base 7, what is -1431 + -210215?
-211646
In base 8, what is -126 - 156225?
-156353
In base 9, what is 3036241 - 23?
3036217
In base 2, what is 10011100000 + -1011010001000?
-1000110101000
In base 16, what is -5 + -104b41fb?
-104b4200
In base 6, what is 52 + -15230411?
-15230315
In base 13, what is 4061 + 1cb9?
604a
In base 15, what is 21 + 23a29a?
23a2bb
In base 13, what is 7a26ba + -43?
7a2677
In base 14, what is -45 + 189cbd?
189c78
In base 13, what is 4c2 + -3651?
-315c
In base 16, what is -5a + -1ad?
-207
In base 4, what is 10203 + -12221001020?
-12220330211
In base 6, what is -310 - 245115025?
-245115335
In base 13, what is 9a435 + -11?
9a424
In base 5, what is 1220123112 - 4?
1220123103
In base 8, what is -57170 - -23241?
-33727
In base 8, what is -23536 + -344?
-24102
In base 11, what is 921a - -13552?
21771
In base 2, what is -11100000000100011101111 - -10?
-11100000000100011101101
In base 8, what is -3165 - -246247?
243062
In base 7, what is -3 + -5306511?
-5306514
In base 16, what is -1cb1d1c + -5?
-1cb1d21
In base 6, what is 15 + 3204413?
3204432
In base 4, what is -2122121 - -33102?
-2023013
In base 14, what is -658ab8 + 2?
-658ab6
In base 5, what is 432 - -3412423?
3413410
In base 15, what is -b9869a + -8?
-b986a3
In base 7, what is -6353622 + 6?
-6353613
In base 9, what is 38 - -2467503?
2467542
In base 6, what is 5334253333 - 0?
5334253333
In base 14, what is 7099 + -4?
7095
In base 7, what is -13610662 - 464?
-13611456
In base 8, what is -1053544014 - 3?
-1053544017
In base 16, what is -19 + -4d09c?
-4d0b5
In base 6, what is -4020240 + 24?
-4020212
In base 6, what is 114411224 - -11?
114411235
In base 12, what is -3 + -55821a?
-558221
In base 11, what is 687a - -3581?
a350
In base 16, what is 2 - aec4f?
-aec4d
In base 9, what is -40155 + -164?
-40330
In base 7, what is 22246 - 625511?
-603232
In base 16, what is -665a24e + 5?
-665a249
In base 16, what is 95b0bc8 + 2?
95b0bca
In base 6, what is 132541 + 4221?
141202
In base 4, what is 12012311 - -3032220?
21111131
In base 11, what is -541692 - 5?
-541697
In base 11, what is 2 - -4839498?
483949a
In base 7, what is -36031 + 15522?
-20206
In base 9, what is 174126065 + 1?
174126066
In base 15, what is 689d9 + -95?
68944
In base 10, what is 1 - -34931943?
34931944
In base 8, what is 1543743542 + -5?
1543743535
In base 12, what is 10 + 115829?
115839
In base 15, what is 2279dd7 - -5?
2279ddc
In base 5, what is -2200133 - 1414340?
-4120023
In base 16, what is -d8d + 1da5?
1018
In base 16, what is 9967742 - -5?
9967747
In base 4, what is -23023131 + 11200?
-23011331
In base 2, what is 10 - -100011010110001000?
100011010110001010
In base 12, what is 17257096 - -3?
17257099
In base 5, what is 120224 - -2144111?
2314340
In base 2, what is 100 - 1111000110001111010010?
-1111000110001111001110
In base 4, what is 13102131 - 232203?
12203322
In base 6, what is -10334 + -11340441?
-11351215
In base 7, what is -1 - 326424140?
-326424141
In base 2, what is 100110011 + -111011111010010?
-111011010011111
In base 9, what is -41774 + -4578?
-46463
In base 14, what is 2ada5 + 7b?
2b042
In base 15, what is 14954 + -1d?
14936
In base 13, what is -24 - -2120c6?
2120a2
In base 11, what is -223a - 6285?
-8514
In base 15, what is -7 - 16a695a?
-16a6962
In base 12, what is -197ba4 + -68?
-198050
In base 7, what is -1256565062 - -4?
-1256565055
In base 9, what is -61535360 + -1?
-61535361
In base 5, what is 3 + 113412403?
113412411
In base 3, what is 2100 + 122200202221220?
122200210001020
In base 10, what is -15496853 - 31?
-15496884
In base 3, what is 1011110 + -220122?
20211
In base 11, what is 90a9016 - 6?
90a9010
In base 16, what is -148 + eee57?
eed0f
In base 6, what is 540245 - 15323?
520522
In base 11, what is -2 - 911406?
-911408
In base 16, what is -64a89a + -5?
-64a89f
In base 13, what is -7b9b41 - -5?
-7b9b39
In base 13, what is 3 - -361a5122?
361a5125
In base 14, what is 57a7d - -152?
57bd1
In base 11, what is -71 - -4967?
48a6
In base 3, what is 21 - 110101012200?
-110101012102
In base 6, what is -10033245 - -51?
-10033154
In base 10, what is 752 + -39795?
-39043
In base 15, what is -b4b2aca - -6?
-b4b2ac4
In base 10, what is -14365630 - 1?
-14365631
In base 16, what is -43bb98 + -3?
-43bb9b
In base 6, what is -1400144251 - 4?
-1400144255
In base 7, what is -4336 - -256115?
251446
In base 16, what is -e2 + -3c723?
-3c805
In base 16, what is 4c521 - -3?
4c524
In base 5, what is -10230231 + 114?
-10230112
In base 12, what is 30 + 2b78a?
2b7ba
In base 9, what is 0 + -2617654?
-2617654
In base 12, what is 2380bb + 4?
238103
In base 5, what is -12221031432 + 0?
-12221031432
In base 8, what is 11 + -11272727?
-11272716
In base 13, what is -a9 - 727b11?
-727bba
In base 2, what is -1010000001 - 1101111001000000?
-1110000011000001
In base 10, what is -2883 + 1211?
-1672
In base 2, what is -10100000111 + 10000110001101010?
10000011101100011
In base 5, what is -124140113 + -221?
-124140334
In base 8, what is 56620507 - 4?
56620503
In base 12, what is -aab270a - 0?
-aab270a
In base 16, what is c93d - b9?
c884
In base 3, what is 2 + -112202202121102?
-112202202121100
In base 13, what is 4 + 1ac5689?
1ac5690
In base 3, what is 12022220101 - 2000021?
12020220010
In base 3, what is -101010001102101 - 2?
-101010001102110
In base 5, what is -303344 - -43414?
-204430
In base 16, what is 74f6294 + 0?
74f6294
In base 6, what is -4 - -11500555?
11500551
In base 15, what is 9204e - -1?
92050
In base 15, what is -5 + 420366d?
4203668
In base 6, what is 10 + 15110450?
15110500
In base 2, what is 111100101100011101000011 - -1010?
111100101100011101001101
In base 14, what is 431064 + -5?
43105d
In base 14, what is 1d1c82 + 0?
1d1c82
In base 10, what is 66919 + -14?
66905
In base 2, what is -111 + 1101000000111011?
1101000000110100
In base 13, what is 39c44 - 11?
39c33
In base 13, what is -123978b - -5?
-1239786
In base 15, what is -339 - -9ec?
6b3
In base 9, what is -112 - -50712?
50600
In base 3, what is -20222211 + 12121110?
-1101101
In base 16, what is -122 + -8461?
-8583
In base 6, what is -31 + -10501232?
-10501303
In base 11, what is -3464 + 131a3?
a83a
In base 14, what is 118 - 47190?
-47076
In base 12, what is -1763 + -1016a?
-11911
In base 14, what is -4 - -dcac05?
dcac01
In base 6, what is -431230 + 25145?
-402041
In base 15, what is 57a44 + 3?
57a47
In base 8, what is -3 - -366155175?
366155172
In base 16, what is -3cb10d - 12?
-3cb11f
In base 8, what is -37366105 - 14?
-37366121
In base 8, what is -66063 - 353?
-66436
In base 13, what is -26972a2 - 2?
-26972a4
In base 3, what is 2212 + -220121202120022?
-220121202110110
In base 15, what is -2 - a3b517?
-a3b519
In base 9, what is 30 + 10702281?
10702321
In base 4, what is -3132 + -21221323?
-21231121
In base 4, what is 312030200112 + -11?
312030200101
In base 5, what is 202 - 32331233?
-32331031
In base 13, what is -327 + -58756?
-58a80
In base 9, what is 8883826 + 4?
8883831
In base 16, what is 90 + -9eec?
-9e5c
In base 16, what is -7 - c83961?
-c83968
In base 16, what is fe023 + 5?
fe028
In base 13, what is 4436 + 462?
4898
In base 14, what is -6b0902 - -12?
-6b08d0
In base 6, what is -113 + 1422335?
1422222
In base 2, what is -1111000111 + 1001101000111111?
1001011001111000
In base 6, what is -13235323551 + -5?
-13235324000
In base 15, what is -112d - -5c008?
5adca
In base 12, what is 4 - -4561236?
456123a
In base 14, what is -1 + 10ddaa0?
10dda9d
In base 4, what is 21 + 1220223323?
1220230010
In base 13, what is 1424 + -722a?
-5b06
In base 14, what is -9bd749 - -4?
-9bd745
In base 12, what is 2 + -12a2a16a?
-12a2a168
In base 16, what is -7d6a + -12?
-7d7c
In base 13, what is -632